-8
What is 1 + -3 + 0 + -1 + 2?
-1
Evaluate 6 - (-2 + -2) - 5.
5
What is the value of (1 - 3) + (4 - 6) + -4?
-8
What is -6 + (-6 - -1) + 17?
6
What is (0 - (6 + 3)) + 5 + 2?
-2
Calculate (1 - 6) + 9 - 5.
-1
(6 - 2) + (-3 - -2)
3
Calculate 5 - ((-54 - -59) + 1 + -5).
4
What is (-2 - (-4 + 5)) + 3?
0
Calculate 8 - 5 - (-12 - -9).
6
Calculate -5 - (-10 - (-5 + 4)).
4
Calculate 4 - (3 + (3 - 2)).
0
4 - (3 - (-4 + 2 + 3))
2
What is the value of -1 + (-8 + 8 - -6)?
5
What is the value of -1 - (-8 + 5) - (-1 - -5)?
-2
(-1 - -8) + 1 + 780 + -778
10
Evaluate 6 + -17 + 5 + 2.
-4
Calculate 2 - 7 - (-19 - -6) - 3.
5
What is the value of 0 + 0 + -7 + 2?
-5
What is 4 - (-1 + 4) - 5?
-4
What is -1 + -11 - 1 - -10?
-3
Evaluate 7 - (0 - -4) - 0.
3
Evaluate (-7 - -3 - -5) + 6.
7
1 - -5 - 10 - (-3 + 1)
-2
2 - ((-1 - 4) + 3)
4
What is the value of -4 - (-2 + (1 - 0) + 2)?
-5
What is -7 - (-7 - (9 - 8))?
1
What is the value of 1 - (5 + -5 + -2)?
3
What is the value of 6 - ((3 - 0) + 1)?
2
What is -3 + -1 + (1 - -5)?
2
3 + (-7 - (-9 + 5))
0
14 + -16 - (-2 + 4 - 6)
2
Evaluate 5 + (-8 - 2) - -10.
5
Calculate 5 + 7 + 7 + -13.
6
Evaluate 5 + (4 - -2) - 10.
1
Evaluate -5 + 8 + (4 - 7) + 1.
1
Calculate -6 + -1 - (-2 - (5 - 3)).
-3
3 + 0 + (-6 - -15 - 10)
2
What is the value of 3 - 1 - (-1 + 3 - 5)?
5
What is the value of 5 - (4 + 0 + 2)?
-1
Evaluate 11 + -5 + -12 + 1 + 1.
-4
Calculate 1 - (2 - 1 - 2) - 3.
-1
What is the value of (-21 - (-22 + -1)) + (0 - -2)?
4
-16 - -16 - (10 + -3)
-7
Evaluate 7 + -5 - 5 - 1 - 2.
-6
(-4 - -1) + 3 + (2 - 2)
0
-2 - (4 - ((-3 - -4) + 1))
-4
Calculate -1 - (-5 + -1 + (5 - 4)).
4
What is 3 - (1 - (-5 - -5))?
2
What is 0 - (4 + (-1 - 2) - 3)?
2
What is (-3 - -2) + -5 + 5 - -4?
3
Calculate 13 + (9 - 14) + (0 - 5).
3
What is -1 - (0 + -3 - (1 - -1))?
4
Calculate 1 - 2 - -4 - 8.
-5
Calculate -12 + 1 + (-18 - -26).
-3
What is the value of -2 - -2 - 4 - (-10 + 8)?
-2
What is the value of 5 + (-7 - -9) + -2?
5
Evaluate (3 - 2) + (-14 - -9).
-4
1 - (-2 + (4 - 2))
1
What is the value of 3 - (-1 - (-8 + 6) - 0)?
2
(0 - -7) + -26 + 11
-8
Calculate 0 + (-1 + 5 - 3).
1
Evaluate -7 - (6 + -7 + -3).
-3
What is the value of (-5 - (-7 - -2) - -2) + 4?
6
What is (6 - 9) + 2 - 1?
-2
-6 + 5 + (7 - 3)
3
What is the value of 0 + -2 - (4 + 1 - 2)?
-5
Calculate 2 + 1 + -11 - -7.
-1
1 + 2 + (17 - 20)
0
Evaluate 1 + (3 - 1) - (-23 - -28).
-2
What is 5 + (-1 + 1 - 0) + 0?
5
Calculate (-3 - 1) + -4 - (-4 + 1).
-5
-3 + (2 - (3 - 9 - -4))
1
(-14 - -9) + (1 - -5)
1
Evaluate 35 - 36 - (1 - 0).
-2
12 + (0 - (6 + (-4 - -4)))
6
-4 + (-2 - 4 - -6)
-4
Calculate -1 + (-2 - (-4 - (2 + -4))).
-1
What is -6 + 1 + 15 + 0 + -7?
3
Evaluate (-1 - (2 - (-3 - -11))) + -10.
-5
Calculate -15 - (-5 + -5 - -3).
-8
Calculate 28 + -25 - (1 - (0 + 3)).
5
What is 11 - (3 - -8) - 9?
-9
What is -33 + 26 - (-11 + 0)?
4
(-3 - ((-5 - 2) + 3)) + -3
-2
28 - 18 - (13 - 1)
-2
Evaluate -6 + (14 - 4) - 7.
-3
-10 + -9 + 17 + (1 - -7)
6
What is the value of -5 + 5 - 2 - -9?
7
(-3 + -1 + 1 - -1) + -2
-4
Calculate 5 - (-14 + 16 + 1 + 1).
1
What is -33 + 26 + (1 - 4 - -20)?
10
(6 - 9) + (4 - 5) + 1
-3
What is the value of -7 + (10 - 2) + -6?
-5
What is -5 - -11 - 1 - (5 - 2)?
2
What is (-2 - 1) + (-13 - -17)?
1
3 + (6 + -6 - 9)
-6
Calculate 0 - (0 + 4 + -4) - 2.
-2
Calculate 1 + 1 - 6 - -1.
-3
Calculate 4 - (4 + 0 + -10 + 8).
2
What is the value of 3 + -3 + 0 + 0 + -2?
-2
Evaluate (1 - -3) + 2 + (-9 - -4).
1
Calculate -8 + -15 + 9 + 8.
-6
9 - 5 - (1 - 2 - 0)
5
16 - (20 - 12) - 3
5
-5 - (-6 + (2 - (1 - 3)))
-3
Evaluate -4 + -1 - (0 + -3 - -3).
-5
Calculate (4 - 5) + 5 + (2 - 6).
0
What is 4 + -3 + 14 + -22?
-7
Calculate 0 - -4 - (0 - 0).
4
What is the value of 7 + -5 + 2 - (0 + -1)?
5
Calculate 0 + 3 + (-2 - (-2 - -4)).
-1
What is -20 - -32 - 16 - (-1 - -5)?
-8
Calculate -7 - (13 + -20) - 8.
-8
(-1 - (8 - 8 - -5)) + 5
-1
Calculate -6 - (-10 - (-7 + 3)).
0
Calculate (-6 - -3) + 9 + -3 - -2.
5
-4 - -5 - (-10 - -15)
-4
What is (-14 - -17) + (-1 - -1) - -1?
4
Evaluate 34 + -21 + (-3 - 9).
1
What is the value of (2 - (4 + -1)) + -1 + 0?
-2
What is -13 - (7 + -15 + -2)?
-3
What is (1 - 0) + (129 - 126)?
4
-8 - (2 + -1 - (8 - 4))
-5
Evaluate (1 - 7) + 2 + (44 - 45).
-5
Calculate -3 + 7 + (-2 - -3 - 0).
5
Evaluate (2 - 1) + (-2 - -4 - 1).
2
What is 3 + -1 + (6 - (-8 - -16))?
0
Calculate 3 - 2 - 2 - -5.
4
What is 4 + 3 + (-7 - -1)?
1
What is the value of (2 - (-2 - -3)) + -5 + 8?
4
Evaluate 4 + -2 - (-2 - -3).
1
Evaluate 0 + 0 + 2 - 4.
-2
(-1 - -11) + 32 + -43
-1
Evaluate 11 + -3 - (-23 - -29).
2
What is the value of -1 + 4 - ((-1 - 6) + 14)?
-4
Calculate 0 + (0 + -5 - -1).
-4
What is the value of 3 + -3 + 6 + -1?
5
What is the value of 94 - 92 - (14 + -1)?
-11
Calculate -11 - -20 - (12 + 3).
-6
Calculate (-1 - (-6 - -3)) + 3.
5
Calculate 3 + 9 + -7 + -8.
-3
What is the value of 30 + -32 - (1 - 11) - 0?
8
What is 8 - (0 + -2 - -7)?
3
What is (50 - 47) + (0 - 7)?
-4
2 + -1 + -5 + 7
3
Evaluate -4 + (16 + -14 - (-2 - 1)).
1
(-4 - 6) + 9 + -7
-8
What is the value of 0 + 0 + (-7 + 1 - -9)?
3
What is -21 - -37 - (0 + 8)?
8
What is the value of 1 + -4 - -8 - (1 + 1)?
3
What is the value of (0 - 1 - 0) + (4 - 4)?
-1
What is the value of 4 + (-4 - -3 - 0) + 4?
7
Evaluate 3 - -1 - (-4 + 13).
-5
What is 0 - 5 - ((-1 - 7) + 4)?
-1
Calculate (2 + -1 - 4) + 15 + -10.
2
What is the value of 193 + -196 - (-6 + -1)?
4
What is the value of 2 + 3 - (13 - 8)?
0
(0 - 1) + (-10 - (-4 + -1))
-6
Calculate (9 - (-2 - -7)) + (6 - 3).
7
Calculate (0 - 2) + (1 + 0 - 1).
-2
What is -9 - (-20 + 8 - 4)?
7
Evaluate 10 - (-2 - (10 - 16)).
6
5 - -2 - (17 + -3)
-7
What is 1 + (-3 - ((-3 - 2) + 0))?
3
(0 + -2 - -1) + 0
-1
What is the value of -15 - -11 - (-2 - -4 - 1)?
-5
What is 4 + (-6 - 1) - (3 - 2)?
-4
What is the value of 6 + (2 + -1 - 13) + 7?
1
What is 2 - (0 + 0 + -2 + 3)?
1
What is -12 - (13 + -13 + -2)?
-10
What is -9 + 28 + -5 + -10?
4
0 + (1 + 0 - 6)
-5
Calculate -1 + 9 - (15 + -11).
4
(0 + 0 - (-8 + 7)) + -6
-5
(13 + -6 - (0 + 2)) + -10
-5
Calculate ((-2 - -1) + 0 - -9) + -2.
6
What is -2 + 5 - (-8 + 12 + -1)?
0
What is 10 + (7 - 17 - -2)?
2
What is the value of (3 - (-7 - (-4 - 3))) + 2?
5
Evaluate 2 + -5 + 1 + -2.
-4
-5 - (1 + -2) - (22 + -23)
-3
What is the value of 9 + (-13 - (-5 - 2))?
3
What is the value of -11 + 8 + (2 - 0) + -1?
-2
What is the value of 1 + (-2 - (3 + -1 + -2))?
-1
(1 - -3) + (5 - (8 - 4))
5
What is the value of 1 + (1 - 0 - -3)?
5
What is the value of 13 - 11 - 11 - -1?
-8
What is the value of -5 + 3 + (-4 - 0 - -3)?
-3
What is 7 - 7 - 3 - 0?
-3
-1 - (0 + -4 - -3)
0
(-3 - -1) + -9 + 9 + -4
-6
What is 1 + 2 + (-10 - -9)?
2
Evaluate (6 - 3) + -8 + 5 + -3.
-3
What is -5 - (0 - 0 - 0)?
-5
What is (-2 - -15) + (-41 - -34) + -6?
0
What is the value of (-5 - -5) + 1 + -5 + 4?
0
-9 + 2 + -5 + 5 + 3
-4
Evaluate 2 + -4 + (-4 - -9) - -5.
8
Evaluate 3 - 1 - (15 + -10).
-3
8 - -7 - 7 - 14
-6
What is 0 - (-8 - (-5 + 4)) - 4?
3
What is the value of (-1 - -8) + -1 + -4?
2
What is -18 + (11 + 1 - 1)?
-7
3 + 1 + 0 + (-36 - -30)
-2
Evaluate -4 + (-9 - -3 - -4 - -6).
0
What is 9 + (-3 - (10 - -1))?
-5
4 + (0 - -5 - 6) - -5
8
What is the value of 3 + -4 + 6 - 2 - 3?
0
Evaluate (-2 - -7) + -1 + 3 + -2.
5
Evaluate (6 + -3 + -3 - -3) + -2.
1
Evaluate -6 + 5 + (-3 - -2).
-2
Calculate (-9 + -6 - -11) + (-2 - -15).
9
What is -2 + -5 + 3 + 1 + 3?
0
2 + -1 - (8 - (-1 - -13))
5
What is -5 + 4 - 4 - -2?
-3
Calculate 3 - (-3 + (0 - -1)) - 4.
1
Evaluate 1 - 0 - 3 - -11.
9
What is the value of ((-1 - 2) + -4 - -3) + 2?
-2
What is 2 - (7 + -7 + 2 + -1)?
1
What is the value of 13 + (-18 - -10 - -2)?
7
(0 - 7) + 3 - (-2 + 5)
-7
-5 - (1 - 4) - -3
1
What is the value of -6 + 3 + 2 + 8 + -4?
3
Evaluate (-1 - 3 - -2) + 0 - 1.
-3
What is the value of 4 - 4 - 3 - -1?
-2
What is -1 + -2 - (15 + -23)?
5
Evaluate -11 - ((-4 - 0) + -3).
-4
What is the value of -5 - (-9 + 2 - (-2 + 7))?
7
What is (5 - -1) + -8 + 7?
5
What is 1 - (-1 + (-1 - -4) + -3)?
2
What is (1 + -3 - -8) + (-5 - -4)?
5
What is the value of -4 - (3 + -7 + 6)?
-6
What is the value of -16 - -22 - (1 - -2)?
3
Calculate 0 + -1 + (-4 - (9 + -10)).
-4
What is -4 + (-3 - -3) + (-2 - -6)?
0
2 - ((3 + 2 - 9) + 7)
-1
Calculate (8 - (3 - -5)) + -5 + 1.
-4
-3 - (-31 - -33 - (1 - -3))
-1
What is the val